{"id":2,"date":"2024-07-19T14:09:57","date_gmt":"2024-07-19T14:09:57","guid":{"rendered":"https:\/\/hydroline.ee\/crm\/?page_id=2"},"modified":"2026-02-07T11:49:05","modified_gmt":"2026-02-07T11:49:05","slug":"sample-page","status":"publish","type":"page","link":"https:\/\/hydroline.ee\/crm\/","title":{"rendered":"H\u00fcdraulika ja pneumaatika kauplus"},"content":{"rendered":"\n<h5 class=\"wp-block-heading\"><\/h5>\n\n\n\n<p><\/p>\n\n\n\n<div class=\"wp-block-product-blocks-row wopb-block-c7c16c\"><div class=\"wopb-row-wrapper\"><div class=\"wopb-row-content\">\n<div class=\"wp-block-product-blocks-column wopb-block-b08300\"><div class=\"wopb-column-wrapper\">\n<p><strong>H\u00fcdrovoolikute valmistamine<\/strong><\/p>\n\n\n\n<p class=\"has-text-align-left\">Valmistame ootet\u00f6\u00f6na h\u00fcdraulikavoolikuid. Otsikute pressimiseks kasutame kvaliteetseid ja kalibreeritud voolikuotste presse, mis tagavad t\u00f6\u00f6 k\u00f5rge t\u00e4psuse ja vastupidavuse. Vajadusel utiliseerime kasutusk\u00f5lbmatuks muutunud vanad voolikud. Valikus on voolikud erinevatelt tunnustatud tootjatelt, nagu Bridgestone, Alfagomma, Parker, Knapheide jt. Iga vooliku t\u00fc\u00fcbile paigaldame tootja etten\u00e4htud voolikuotsad ja h\u00fclsid. T\u00f6\u00f6d teostame alati vastavalt tootjate n\u00f5uetele ja standarditele.<\/p>\n\n\n\n<p><strong>H\u00fcdraulika tarvikud<\/strong><\/p>\n\n\n\n<p>Cetop klapid, jagajad, pumbad ja mootorid h\u00fcdraulikas\u00fcsteemide jaoks. Rotaatorid ning teised olulised komponendid. Hoiame laos enim n\u00f5utud tooteid tuntud tootjatelt nagu Brevini, Danfoss, Parker jt.<\/p>\n<\/div><\/div>\n\n\n\n<div class=\"wp-block-product-blocks-column wopb-block-cd9b74\"><div class=\"wopb-column-wrapper\">\n<p><strong>Pneumaatika<\/strong><\/p>\n\n\n\n<p>Oleme <a href=\"http:\/\/festo.com\" title=\"\">FESTO<\/a> ametlik edasim\u00fc\u00fcja ning pakume kogu nende laia tootevalikut.<br>Hoidame laos enim n\u00f5utud tooteid, et saaksime kiiresti reageerida ja pakkuda sobivaid lahendusi.<br>Lisaks leiate meie valikust ka SMC, Hafner, Chicago Pneumatics, CEJN ja teisi tuntud kaubam\u00e4rke.<\/p>\n\n\n\n<p><strong><a href=\"https:\/\/nbquality.eu\/\" target=\"_blank\" rel=\"noopener\" title=\"\">NBQuality<\/a><\/strong><\/p>\n\n\n\n<p>Meie valikus on innovatiivsed ja kvaliteetsed hoolduskeemia tooted NBquality sarjast. Kohapeal on saadaval umbes 50 erinevat m\u00e4\u00e4ret, \u00f5li ja puhastusvahendit.<\/p>\n<\/div><\/div>\n\n\n\n<div class=\"wp-block-product-blocks-column wopb-block-81f1ef\"><div class=\"wopb-column-wrapper\">\n<p><strong>T\u00f6\u00f6riistad<\/strong><\/p>\n\n\n\n<p>Meie valikus on lai valik k\u00e4sit\u00f6\u00f6riistu alates lehtv\u00f5tmetest kuni spetsiaalsete abivahenditeni. Meie abiga ei j\u00e4\u00e4 avamata ega sulgemata \u00fckski mutter, polt v\u00f5i tapp. Leiame lahenduse ka k\u00f5ige keerulisematele olukordadele. Pakume kvaliteetseid t\u00f6\u00f6riistu tuntud tootjatelt nagu HAZET, Knipex, GEDORE, Bacho, SATA, IKH, Boxo, PONY, JBM, Triumf, KS Tools, Laser, Granit Black Edition, XL Tools, Milwaukee, Makita, SKF ja paljud teised.<\/p>\n\n\n\n<p><strong>Tarvikud ja t\u00f6\u00f6kaitsevahendid<\/strong><\/p>\n\n\n\n<p>Olgu kindad v\u00f5i k\u00f5rges\u00e4\u00e4rega saapad &#8211; k\u00f5ike saab. Lisaks k\u00e4tepaberid, niisked lapid, m\u00e4rkev\u00e4rvid jt.<\/p>\n<\/div><\/div>\n\n\n\n<div class=\"wp-block-product-blocks-column wopb-block-c7f238\"><div class=\"wopb-column-wrapper\">\n<p><strong>V\u00e4ike tehnika<\/strong><\/p>\n\n\n\n<p>Poes on kohapeal v\u00f5imalik proovida ja osta v\u00e4ikeseid seadmeid, nagu oksapurustajad, generaatorid, t\u00e4navapuhastusharjad ja lumepuhurid.<\/p>\n\n\n\n<p><strong><a href=\"https:\/\/ezvizlife.ee\/\" target=\"_blank\" rel=\"noopener\" title=\"\">EZVIZ ametlik edasim\u00fc\u00fcja<\/a><\/strong><\/p>\n\n\n\n<p>Hydroline on Ezvizi valvevalveseadmete ametlik edasim\u00fc\u00fcja. Meie lahendustega j\u00e4\u00e4b iga nurk alati turvatud. Pakume laias valikus kaameraid ja andureid nii nutikodu jaoks kui ka metsamasinate j\u00e4lgimiseks.<\/p>\n<\/div><\/div>\n<\/div><\/div><\/div>\n\n\n\n<div class=\"wp-block-columns is-layout-flex wp-container-core-columns-is-layout-28f84493 wp-block-columns-is-layout-flex\">\n<div class=\"wp-block-column is-layout-flow wp-block-column-is-layout-flow\" style=\"flex-basis:100%\">\n<div class=\"wp-block-product-blocks-row wopb-block-9bca5b\"><div class=\"wopb-row-wrapper\"><div class=\"wopb-row-content\">\n<div class=\"wp-block-product-blocks-column wopb-block-5be0e3\"><div class=\"wopb-column-wrapper\">\n<p>Tunned huvi toote v\u00f5i teenuse kohta? <br><\/p>\n\n\n\n<p>V\u00f5ta \u00fchendust:<\/p>\n\n\n\n<div class=\"wp-block-contact-form-7-contact-form-selector\">\n<div class=\"wpcf7 no-js\" id=\"wpcf7-f17466-o1\" lang=\"et\" dir=\"ltr\" data-wpcf7-id=\"17466\">\n<div class=\"screen-reader-response\"><p role=\"status\" aria-live=\"polite\" aria-atomic=\"true\"><\/p> <ul><\/ul><\/div>\n<form action=\"\/crm\/wp-json\/wp\/v2\/pages\/2#wpcf7-f17466-o1\" method=\"post\" class=\"wpcf7-form init\" aria-label=\"Contact form\" novalidate=\"novalidate\" data-status=\"init\">\n<fieldset class=\"hidden-fields-container\"><input type=\"hidden\" name=\"_wpcf7\" value=\"17466\" \/><input type=\"hidden\" name=\"_wpcf7_version\" value=\"6.1.1\" \/><input type=\"hidden\" name=\"_wpcf7_locale\" value=\"et\" \/><input type=\"hidden\" name=\"_wpcf7_unit_tag\" value=\"wpcf7-f17466-o1\" \/><input type=\"hidden\" name=\"_wpcf7_container_post\" value=\"0\" \/><input type=\"hidden\" name=\"_wpcf7_posted_data_hash\" value=\"\" \/>\n<\/fieldset>\n<p><label> Teie nimi<br \/>\n<span class=\"wpcf7-form-control-wrap\" data-name=\"your-name\"><input size=\"40\" maxlength=\"400\" class=\"wpcf7-form-control wpcf7-text wpcf7-validates-as-required\" autocomplete=\"name\" aria-required=\"true\" aria-invalid=\"false\" value=\"\" type=\"text\" name=\"your-name\" \/><\/span> <\/label>\n<\/p>\n<p><label> Teie e-mail<br \/>\n<span class=\"wpcf7-form-control-wrap\" data-name=\"your-email\"><input size=\"40\" maxlength=\"400\" class=\"wpcf7-form-control wpcf7-email wpcf7-validates-as-required wpcf7-text wpcf7-validates-as-email\" autocomplete=\"email\" aria-required=\"true\" aria-invalid=\"false\" value=\"\" type=\"email\" name=\"your-email\" \/><\/span> <\/label>\n<\/p>\n<p><label> Teema<br \/>\n<span class=\"wpcf7-form-control-wrap\" data-name=\"your-subject\"><input size=\"40\" maxlength=\"400\" class=\"wpcf7-form-control wpcf7-text wpcf7-validates-as-required\" aria-required=\"true\" aria-invalid=\"false\" value=\"\" type=\"text\" name=\"your-subject\" \/><\/span> <\/label>\n<\/p>\n<p><label> Teie tekst<br \/>\n<span class=\"wpcf7-form-control-wrap\" data-name=\"your-message\"><textarea cols=\"40\" rows=\"10\" maxlength=\"2000\" class=\"wpcf7-form-control wpcf7-textarea\" aria-invalid=\"false\" name=\"your-message\"><\/textarea><\/span> <\/label>\n<\/p>\n<p><input class=\"wpcf7-form-control wpcf7-submit has-spinner\" type=\"submit\" value=\"Saada\" \/>\n<\/p><div class=\"wpcf7-response-output\" aria-hidden=\"true\"><\/div>\n<\/form>\n<\/div>\n<\/div>\n<\/div><\/div>\n\n\n\n<div class=\"wp-block-product-blocks-column wopb-block-d2f18b\"><div class=\"wopb-column-wrapper\"><\/div><\/div>\n<\/div><\/div><\/div>\n<\/div>\n<\/div>\n\n\n\n<p><\/p>\n","protected":false},"excerpt":{"rendered":"","protected":false},"author":1,"featured_media":0,"parent":0,"menu_order":0,"comment_status":"closed","ping_status":"open","template":"","meta":{"inspiro_hide_title":false,"footnotes":""},"class_list":["post-2","page","type-page","status-publish","hentry","_wholesalex wsx-wholesalex-product"],"aioseo_notices":[],"_links":{"self":[{"href":"https:\/\/hydroline.ee\/crm\/wp-json\/wp\/v2\/pages\/2","targetHints":{"allow":["GET"]}}],"collection":[{"href":"https:\/\/hydroline.ee\/crm\/wp-json\/wp\/v2\/pages"}],"about":[{"href":"https:\/\/hydroline.ee\/crm\/wp-json\/wp\/v2\/types\/page"}],"author":[{"embeddable":true,"href":"https:\/\/hydroline.ee\/crm\/wp-json\/wp\/v2\/users\/1"}],"replies":[{"embeddable":true,"href":"https:\/\/hydroline.ee\/crm\/wp-json\/wp\/v2\/comments?post=2"}],"version-history":[{"count":21,"href":"https:\/\/hydroline.ee\/crm\/wp-json\/wp\/v2\/pages\/2\/revisions"}],"predecessor-version":[{"id":17507,"href":"https:\/\/hydroline.ee\/crm\/wp-json\/wp\/v2\/pages\/2\/revisions\/17507"}],"wp:attachment":[{"href":"https:\/\/hydroline.ee\/crm\/wp-json\/wp\/v2\/media?parent=2"}],"curies":[{"name":"wp","href":"https:\/\/api.w.org\/{rel}","templated":true}]}}